 f and n?
54
Let r(z) = -2*z**2 - 16*z - 12. Let m be r(-10). Let b be 1/(310/m - -6). What is the greatest common factor of b and 234?
26
Let g be (-2)/6 - (3 - 20/(-3)). Let a(p) = p + 3. Let c be a(-5). Let y be c - g/(-5)*-21. What is the greatest common divisor of y and 5?
5
Suppose 4*o - 37 = -y - 268, 3*o + 162 = -3*y. Let z = o + 144. Calculate the greatest common factor of z and 17.
17
Suppose x - 3 = 180. Let q = 201 - x. Suppose -2*d - 4*o + 63 = -7*o, -3*d + 67 = o. Calculate the highest common divisor of q and d.
6
Suppose 27*l - 25*l = -2*f + 82, 0 = -l - 2. Suppose f*x = 27*x + 5168. What is the greatest common divisor of x and 17?
17
Let l(t) = 131*t**2 - 498*t - 4291. Let o be l(-9). Calculate the highest common divisor of 22 and o.
22
Let j(l) = 4*l - 74. Let n be j(20). Let u be (-38)/(-1 - 10/(-15)). Suppose -5*w + 3*k = -u, 1 = -k - 2. Calculate the greatest common factor of w and n.
3
Let k = 526 + -523. Suppose y = 3*y + k*r - 37, 2*r + 23 = 3*y. Calculate the highest common factor of y and 55.
11
Suppose 99 = 4*c + 5*b, 130*b = -c + 132*b + 2. Calculate the highest common divisor of c and 3064.
8
Let m(p) = 2*p. Let l be m(2). Let z = 2743 + -1598. Let k = -1144 + z. Calculate the highest common divisor of k and l.
1
Let d be 102/8*-2*(-8)/3. Let q = 106 + d. What is the greatest common factor of 58 and q?
58
Let p = -580 + 799. What is the highest common divisor of p and 2482?
73
Let f(u) = 3*u**3 + 296*u**2 + 197*u + 280. Let d be f(-98). What is the greatest common factor of 686 and d?
14
Let f = 568 - 548. Let c = 31 + 21. Calculate the highest common factor of c and f.
4
Suppose -589*k + 579*k + 24808 = -2782. What is the greatest common divisor of 31 and k?
31
Suppose 5*f + 4*i - 1225 = -i, i = -2*f + 485. What is the greatest common factor of f and 384?
48
Suppose 0 = -16*w + 10*w + 84. Suppose w*y = -1018 + 6058. Calculate the highest common divisor of 60 and y.
60
Let n(v) = -v**2 - 13*v - 13. Let z(b) = -b**2 - 5*b - 7. Let t be 2/8 - 4/16. Let d be z(t). Let u be n(d). Calculate the greatest common divisor of 261 and u.
29
Let d be (-27)/(-2) + 35*(-14)/(-980). Calculate the greatest common divisor of 10248 and d.
14
Suppose v - 5*g - 112 = 0, -v + 285 - 189 = -3*g. Let o be (0 + 184)/2 + -2. Suppose -q + 6*q = o. Calculate the greatest common factor of v and q.
18
Let d(s) = s**3 - 6*s + 11. Let x be d(-3). Suppose -17*g = -19*g + x*l + 136, -3*g - l + 204 = 0. What is the greatest common divisor of 306 and g?
34
Let p(u) = 10*u - 6. Let s be p(2). Suppose -s*l + 60 = -2*l. Suppose -4*z = 4*b - 44 - 8, z + 65 = l*b. Calculate the highest common divisor of b and 52.
13
Let o(f) = 2*f**3 + f**2 + 4*f - 3. Let c be o(2). Suppose 24910 = 1315*g - 80548 - 58917. What is the highest common factor of c and g?
25
Suppose m - 2*g = 0, -4 - 2 = -2*g. Suppose -4*z + 5*n = 94, 3*n = -6*z + 2*z - 78. Let d be 440/70 - (-6)/z. Calculate the greatest common divisor of m and d.
6
Let q be ((-12)/7)/(10/(-105)). Suppose 16 = 4*o, -3422 = -4*w + 5*o - 638. Suppose -53 + w = 18*z. Calculate the highest common factor of q and z.
18
Let c = 30 + -18. Let v(h) = -281 + 15*h - 4*h**2 - 279 + 3*h**2 + 799 - 268. Let n be v(c). Calculate the highest common factor of 49 and n.
7
Suppose 2*j - j = 30. Let g(n) = -n**3 + 7*n**2 - 23*n + 9. Let b be g(-7). Let f = b + -526. Calculate the highest common divisor of j and f.
30
Let s(j) = j**2 - 124*j + 2889. Let r be s(100). Calculate the greatest common factor of 42 and r.
3
Let p = -220 + 674. Let x = p - 442. Calculate the greatest common divisor of x and 68.
4
Let p be ((-20)/8 + 3)*0/2. Suppose p*y = 3*y - 6. Suppose -y*j = -21 - 79. Calculate the greatest common factor of 10 and j.
10
Suppose -70 + 826 = -17*k + 143*k. Let a be (-2)/8 - (-489)/(-12). Let f = a + 59. What is the greatest common factor of f and k?
6
Let v = 9466 - 5406. Suppose 0 = 19*u - v + 1096. What is the highest common divisor of 12 and u?
12
Let f(u) = -10*u + 596. Let l be f(63). Suppose 4*q + 169 = 3*q. Let r = l - q. What is the greatest common factor of r and 54?
27
Suppose 34669 - 7405 = 71*t. Suppose 4*b + 16 = 112. What is the greatest common factor of b and t?
24
Let h(d) = -d**3 - 10*d**2 - 13*d - 42. Let v be h(-9). Let x be ((-6)/(-5))/(v/(-20)). Calculate the greatest common divisor of 26 and x.
2
Suppose d = 3*u - 2, 3*u = 2*d - 5*d - 6. Let s be 0 + d + (-20)/(-2). Let i = -3686 + 3774. What is the highest common factor of s and i?
8
Suppose 54*k - 52*k + 4*p - 40 = 0, -4*k = 6*p - 72. What is the highest common factor of k and 8634?
6
Let u = 49 - -71. Let q = 94 - u. Let l = -24 - q. What is the greatest common factor of l and 8?
2
Let g be 115/(-69)*(-5 - -2). Suppose 3*p = -5*m + 25, -3*m = -3*p - 11 - 4. Let f be (62 - p)/((-33)/g - -7). Calculate the greatest common factor of 62 and f.
31
Let d = 1301 + -1287. Let i(q) = q**2 + q - 10. Let v be i(-4). Suppose -v*a + 112 + 42 = 0. Calculate the highest common factor of d and a.
7
Let h(q) = 2*q + 170. Let o be h(0). Let n(p) = -p**3 + p**2 + 2*p + 68. Let b be n(0). What is the highest common divisor of b and o?
34
Suppose 2*n + 2*k - 676 = 0, 4*k = 4*n - 5*n + 353. Suppose n - 285 = 2*r. Calculate the greatest common divisor of r and 33.
3
Suppose -22 - 24 = -4*p + 5*f, 3*f = 3*p - 36. Suppose -3*c + 28 = c. Calculate the highest common factor of p and c.
7
Let n = -7036 + 11311. Calculate the highest common factor of n and 19.
19
Let w(j) = -14*j - 52. Let a(v) = -5*v - 17. Let d(i) = -17*a(i) + 6*w(i). Let c be d(25). Suppose -c - 18 = -s. What is the greatest common factor of 20 and s?
20
Let o = -19933 + 20032. Let g(d) = d**3 + 3*d**2 - 6*d - 3. Let s be g(-4). Let i be 166/5 + (-1)/s. Calculate the greatest common divisor of i and o.
33
Let j = 13343 + -13303. Calculate the greatest common factor of 2095 and j.
5
Let l(o) = -2*o**2 + 17*o + 1. Let h be l(7). Suppose -2*z + n = -48, z - 4*n + 3*n - h = 0. What is the highest common divisor of z and 65?
13
Let r(j) = 2*j**3 + 26*j**2 + 22*j + 18. Let v be r(-12). Calculate the greatest common factor of 98 and v.
14
Suppose -3*q + 2*m - 189 = 0, 0 = -q + 5*m - 72 + 9. Let y be (-123)/(-9) + (-21)/q. What is the greatest common divisor of 35 and y?
7
Let j(s) = -29*s - 4. Let q be j(-8). Suppose 505*o + 740 = 3257 + 3543. What is the greatest common factor of o and q?
12
Suppose -339 - 86 = -c + d, 3*d + 30 + 0 = 0. Let h = 4 - -6. Calculate the greatest common factor of c and h.
5
Let d(w) = 5*w**2 - 3*w**2 - 2*w - 3*w - 99*w**3 + 3*w - 2. Let p be d(-1). Suppose p + 139 = 16*v. What is the highest common factor of 90 and v?
15
Let o(m) be the first derivative of -5*m**2/2 - 23*m + 52. Let i(c) = c - 21. Let b be i(16). Let f be o(b). What is the greatest common factor of f and 5?
1
Let n be (-8)/(-48) + 12814/12. What is the highest common factor of n and 12?
12
Let h = 4196 + -3224. What is the highest common factor of h and 396?
36
Suppose -78 = -6*l - 18. Let u = 364 + l. What is the greatest common divisor of u and 11?
11
Suppose 0 = 3*r - 5*b - 1362, 53*r + 3*b = 54*r - 446. Calculate the greatest common factor of 1102 and r.
58
Let y(t) = -t**3 + 34*t**2 - 2*t + 104. Let m be y(34). Calculate the greatest common divisor of m and 4.
4
Suppose -23 = 3*q - 4*k, -2*q + 3*k + 79 = 96. Let i be (-234)/q + 0 + -16 + 20. Calculate the greatest common factor of i and 14.
14
Let u be (-3 - 0)*(7 + -8)*1. Suppose 0 = 2*k - h - 114 + 36, 0 = u*k - 3*h - 120. Calculate the greatest common factor of k and 247.
19
Suppose 229 - 67 = 3*v. Suppose 2*s = -k + 207 + 161, 0 = 2*k + s - 748. Suppose 12*t = -52 + k. What is the highest common divisor of v and t?
27
Let u be 1 + ((-2)/(-5) + (-29810)/(-100))*2. Calculate the highest common divisor of u and 322.
46
Let i(z) = z**3 + 45*z**2 + 43*z + 1. Let r be i(-43). What is the greatest common factor of 148 and r?
74
Suppose -v - w = -3, -3*v + 4*w = -5*v + 4. Let s(m) = -m**2 - 44*m + 48. Let c be s(-45). What is the greatest common factor of v and c?
1
Let s(m) = m**2 - 384*m + 19230. Let j be s(59). Suppose 46 = -3*q + 1. Let h be (1 - -1)/((-6)/q). Calculate the highest common divisor of j and h.
5
Suppose 3*f - 6*f = 4*i - 100, -i - f + 26 = 